{"version":"1.0","provider_name":"Federaci\u00f3 de Colles de Ball i Cultura Popular d&#039;Eivissa","provider_url":"https:\/\/ballpages.cat\/es\/","author_name":"annaindigital","author_url":"https:\/\/ballpages.cat\/es\/author\/annaindigital\/","title":"Colla de Sant Rafel: Collas \u2014 Federaci\u00f3 de Colles de Ball i Cultura Popular d&#039;Eivissa","type":"rich","width":600,"height":338,"html":"<blockquote class=\"wp-embedded-content\" data-secret=\"l2U0ZsHlEH\"><a href=\"https:\/\/ballpages.cat\/es\/colla-de-sant-rafel\/\">Colla de Sant Rafel<\/a><\/blockquote><iframe sandbox=\"allow-scripts\" security=\"restricted\" src=\"https:\/\/ballpages.cat\/es\/colla-de-sant-rafel\/embed\/#?secret=l2U0ZsHlEH\" width=\"600\" height=\"338\" title=\"\u00abColla de Sant Rafel\u00bb \u2014 Federaci\u00f3 de Colles de Ball i Cultura Popular d&#039;Eivissa\" data-secret=\"l2U0ZsHlEH\" frameborder=\"0\" marginwidth=\"0\" marginheight=\"0\" scrolling=\"no\" class=\"wp-embedded-content\"><\/iframe><script>\n\/*! This file is auto-generated *\/\n!function(d,l){\"use strict\";l.querySelector&&d.addEventListener&&\"undefined\"!=typeof URL&&(d.wp=d.wp||{},d.wp.receiveEmbedMessage||(d.wp.receiveEmbedMessage=function(e){var t=e.data;if((t||t.secret||t.message||t.value)&&!\/[^a-zA-Z0-9]\/.test(t.secret)){for(var s,r,n,a=l.querySelectorAll('iframe[data-secret=\"'+t.secret+'\"]'),o=l.querySelectorAll('blockquote[data-secret=\"'+t.secret+'\"]'),c=new RegExp(\"^https?:$\",\"i\"),i=0;i<o.length;i++)o[i].style.display=\"none\";for(i=0;i<a.length;i++)s=a[i],e.source===s.contentWindow&&(s.removeAttribute(\"style\"),\"height\"===t.message?(1e3<(r=parseInt(t.value,10))?r=1e3:~~r<200&&(r=200),s.height=r):\"link\"===t.message&&(r=new URL(s.getAttribute(\"src\")),n=new URL(t.value),c.test(n.protocol))&&n.host===r.host&&l.activeElement===s&&(d.top.location.href=t.value))}},d.addEventListener(\"message\",d.wp.receiveEmbedMessage,!1),l.addEventListener(\"DOMContentLoaded\",function(){for(var e,t,s=l.querySelectorAll(\"iframe.wp-embedded-content\"),r=0;r<s.length;r++)(t=(e=s[r]).getAttribute(\"data-secret\"))||(t=Math.random().toString(36).substring(2,12),e.src+=\"#?secret=\"+t,e.setAttribute(\"data-secret\",t)),e.contentWindow.postMessage({message:\"ready\",secret:t},\"*\")},!1)))}(window,document);\n\/\/# sourceURL=https:\/\/ballpages.cat\/wp-includes\/js\/wp-embed.min.js\n<\/script>\n","thumbnail_url":"https:\/\/ballpages.cat\/wp-content\/uploads\/2025\/07\/colla_de_sant_rafel_01.jpg","thumbnail_width":1100,"thumbnail_height":600,"description":"Sa Colla de Sant Rafel se fund\u00f3 en el a\u00f1o 1981. Todo comenz\u00f3 cuando Margalida Bonet Ribas decidi\u00f3 fundar una colla de baile pay\u00e9s en Sant Rafel, dado que en este pueblo no hab\u00eda ninguna y cuando se celebraban fiestas ten\u00edan que venir colles de fuera del pueblo. El per\u00edodo de formaci\u00f3n de los primeros [&hellip;]"}

Federació de Colles de Ball i Cultura Popular d&#039;Eivissa

Colla de Sant Rafel: Collas — Federació de Colles de Ball i Cultura Popular d&#039;Eivissa

<blockquote class="wp-embedded-content" data-secret="l2U0ZsHlEH"><a href="https://ballpages.cat/es/colla-de-sant-rafel/">Colla de Sant Rafel</a></blockquote><iframe sandbox="allow-scripts" security="restricted" src="https://ballpages.cat/es/colla-de-sant-rafel/embed/#?secret=l2U0ZsHlEH" width="600" height="338" title="«Colla de Sant Rafel» — Federació de Colles de Ball i Cultura Popular d&#039;Eivissa" data-secret="l2U0ZsHlEH" frameborder="0" marginwidth="0" marginheight="0" scrolling="no" class="wp-embedded-content"></iframe><script>
/*! This file is auto-generated */
!function(d,l){"use strict";l.querySelector&&d.addEventListener&&"undefined"!=typeof URL&&(d.wp=d.wp||{},d.wp.receiveEmbedMessage||(d.wp.receiveEmbedMessage=function(e){var t=e.data;if((t||t.secret||t.message||t.value)&&!/[^a-zA-Z0-9]/.test(t.secret)){for(var s,r,n,a=l.querySelectorAll('iframe[data-secret="'+t.secret+'"]'),o=l.querySelectorAll('blockquote[data-secret="'+t.secret+'"]'),c=new RegExp("^https?:$","i"),i=0;i<o.length;i++)o[i].style.display="none";for(i=0;i<a.length;i++)s=a[i],e.source===s.contentWindow&&(s.removeAttribute("style"),"height"===t.message?(1e3<(r=parseInt(t.value,10))?r=1e3:~~r<200&&(r=200),s.height=r):"link"===t.message&&(r=new URL(s.getAttribute("src")),n=new URL(t.value),c.test(n.protocol))&&n.host===r.host&&l.activeElement===s&&(d.top.location.href=t.value))}},d.addEventListener("message",d.wp.receiveEmbedMessage,!1),l.addEventListener("DOMContentLoaded",function(){for(var e,t,s=l.querySelectorAll("iframe.wp-embedded-content"),r=0;r<s.length;r++)(t=(e=s[r]).getAttribute("data-secret"))||(t=Math.random().toString(36).substring(2,12),e.src+="#?secret="+t,e.setAttribute("data-secret",t)),e.contentWindow.postMessage({message:"ready",secret:t},"*")},!1)))}(window,document);
//# sourceURL=https://ballpages.cat/wp-includes/js/wp-embed.min.js
</script>

Sa Colla de Sant Rafel se fundó en el año 1981. Todo comenzó cuando Margalida Bonet Ribas decidió fundar una colla de baile payés en Sant Rafel, dado que en este pueblo no había ninguna y cuando se celebraban fiestas tenían que venir colles de fuera del pueblo. El período de formación de los primeros [&hellip;]
